What is the units digit of f?
7
Suppose 4*t = 4*m + 80, -5*m - 62 = -2*m - 5*t. Let b(r) = -r**3 - 9*r**2 - 12*r. Let w be b(-8). Let k = w + m. What is the units digit of k?
3
Let d be ((-17)/(-2))/(1/2)*-7. Let x = 175 + d. What is the units digit of x?
6
Let x = -2126 - -4061. What is the tens digit of x?
3
Suppose -275 - 4107 = -14*i. What is the hundreds digit of i?
3
Let u = -64 - -94. Suppose -3*q - 24 = -3*c - 0*c, -5*q + 3*c = u. What is the tens digit of ((-38)/(-5) + q)*5?
2
Let b = 1488 - 907. What is the units digit of b?
1
Suppose -2*s + 508 = 4*n, 0*n - 2*s = -4*n + 508. Suppose 0 = -3*w + 3, 2*k - k + 4*w = n. What is the units digit of k?
3
Let k = 33 - 13. Suppose -b + 20 = -k. Suppose -b = -0*i - 4*i. What is the units digit of i?
0
Let k(j) = 13 + 18*j + 14 + 0. What is the hundreds digit of k(6)?
1
Let n be (-508 + 1)/(-3) + 1. Let b = n - 66. What is the tens digit of b?
0
Let y = -14 - -18. Suppose -i + y*i - 30 = 0. What is the tens digit of i?
1
Suppose 0 = -v + 3*u - 1, -v - 4*u + 15 = u. Suppose 0 = 3*b - 0*j - 5*j + 1, 4*b - v*j = -3. What is the units digit of (b + (-4)/5)*-5?
4
Suppose -4*f + 1 + 7 = 0. Let i = -2 + f. Suppose 0 = -3*p - i*p + 45. What is the tens digit of p?
1
Let s = 56 - 52. Suppose 92 = 2*f + 5*y - 77, 2*f + s*y - 174 = 0. What is the tens digit of f?
9
Suppose -b = 3*b + 68. Let a = b - -13. What is the units digit of ((-2)/4)/(a/376)?
7
Let o(q) = -541*q**3 + q**2 - 8*q - 9. What is the tens digit of o(-1)?
4
What is the tens digit of (3 + -7)*2149/(-14)?
1
Let s(t) be the third derivative of t**5/60 + 5*t**4/24 + 25*t**3/6 - 36*t**2. What is the tens digit of s(-10)?
7
Let u = -48 - -120. Let h = u - 39. Suppose 6 = -3*p + h. What is the units digit of p?
9
Suppose -2*i + 9 = 3. Suppose 5*p - l = -3*l + 1068, 0 = -5*p - i*l + 1072. What is the units digit of p?
2
Let u = -9 - -10. Let z be (u - 1)/(-4) + 3. Suppose 1 = -z*w + 4. What is the units digit of w?
1
Let t = 364 - 359. What is the units digit of t?
5
Let m be -1*(3 + -3 + -6). Suppose 2 = 3*v + z - 11, -m = 3*z. Suppose -26 - 119 = -v*t. What is the tens digit of t?
2
Let u be (1 + 7)*(-12)/(-16). Let x = -7 - u. Let v = x + 16. What is the units digit of v?
3
Let k be (-4)/22 - ((-269304)/(-77))/(-8). Suppose 0 = -13*w - k + 1555. What is the units digit of w?
6
Let w(l) = -3*l**2 - 97*l + 102. What is the hundreds digit of w(-30)?
3
Let x = -1845 - -2060. What is the units digit of x?
5
Let z(q) = -2*q**2 - 17*q - 23. Let c(r) = -r**2 - 9*r - 12. Let g(d) = 5*c(d) - 3*z(d). Let a be g(-5). Let p = 28 + a. What is the tens digit of p?
3
Let h be (4/7)/(2/(-7)). Let w be -6*((-1)/h)/1. Let m(u) = 5*u**2 - 7. What is the tens digit of m(w)?
3
Let h = 39 - 51. Let c = -31 + 21. What is the tens digit of (-166)/c - h/30?
1
Let q be 1/(-1) + (-212)/(-2). Suppose v = 11*n - 7*n + 276, 3*v + 69 = -n. Let m = n + q. What is the tens digit of m?
3
Let s(c) = c**3 - 6*c**2 + 11*c + 18. What is the hundreds digit of s(11)?
7
Let s = 795 - -2948. What is the thousands digit of s?
3
Suppose 0*c + 3*w + 1115 = 2*c, 1689 = 3*c + w. What is the hundreds digit of c?
5
Suppose -2*f + 3*v = -463, 5*f + 0*v = -v + 1166. What is the units digit of f?
3
Let l be (22/4)/(54/(-108)). Let u be 0 - (-2)/3*-33. Let y = l - u. What is the units digit of y?
1
Let b = 393 + -286. What is the units digit of b?
7
Let a be 4/14 + 145/7. Let z be 2 + a/3 + 0. Let v(s) = s**2 - 6*s - 1. What is the units digit of v(z)?
6
Let f be 12*((-8)/(-6) - 0). Let g = f + -11. Suppose -84 = -g*x - 14. What is the units digit of x?
4
Let h be (3/1 - 0) + -1. Suppose -3*w + h*z - 9 = -62, 2*w = 4*z + 30. What is the tens digit of w?
1
Let i(t) = -t**3 + 10*t**2 + 29*t - 2. What is the units digit of i(-10)?
8
Let j(r) = r**3 + 2*r**2 - 7*r + 5. Let v = 94 + -89. What is the units digit of j(v)?
5
Suppose -3*g - 3*c = -7*g + 4, 4*g - 5*c - 4 = 0. Let f = -4 - -7. What is the tens digit of 36/f + g + 0?
1
Let a = 620 - 555. What is the units digit of a?
5
Let g(b) = 17*b**3 - b**2 + 3*b + 5. Let z(i) = -34*i**3 + 3*i**2 - 6*i - 9. Let a(r) = -5*g(r) - 3*z(r). What is the tens digit of a(2)?
2
Let i be (-2)/(-10) - (-6)/(-30). Let k be 3 - (0 - (i + -3)). Suppose q + 3*q - 20 = k, 6 = -r + 2*q. What is the units digit of r?
4
What is the units digit of 1677 + 5 + (-7 - -3)?
8
Let o = -7 + 34. Let a(x) = o*x**2 + 3*x + 13 - 5 - 6. What is the tens digit of a(-1)?
2
Suppose 4*z + 4*w + 4901 = 14681, 5*w = 5*z - 12225. What is the units digit of z?
5
Let c(w) = -2*w**3 - 19*w**2 + 8*w + 100. What is the units digit of c(-14)?
2
Let t be ((1 - 1)/(-2))/(-1). Let c(p) = p**2 - 4*p - 1. Let o be c(5). Suppose t = o*n - 3*n - 15. What is the tens digit of n?
1
What is the tens digit of 720 - (8 + -5 + 4)?
1
Let t(d) = d**3 - 5*d**2 + 4*d + 4. Let w be t(5). Suppose -w = -5*s + 1. Suppose -5*l = -3*o + o - 104, 0 = -5*l - s*o + 90. What is the units digit of l?
0
Suppose -8*u - u = -1260. Suppose -5*x = 4*y - 135, 0*y - 5*y = 5*x - u. What is the units digit of x?
3
Let x = -1378 + 3179. What is the thousands digit of x?
1
Suppose -3*q = -4*q + k + 8, -5*k + 5 = 0. What is the units digit of q?
9
Let m be 2 + (-1 - 1) + -1 + -2524. What is the units digit of m/(-30) + (-1)/6?
4
Let k(f) = -3 + 3 + 14 + 4*f - 36*f. Let h be k(-11). Suppose m - 125 = 5*x - 46, -5*m + h = 4*x. What is the units digit of m?
4
Suppose -662 = -v + j, -10*j + 11*j = -3*v + 1998. What is the units digit of v?
5
Let h(n) = 3*n**2 - 4*n - 7. What is the units digit of h(-12)?
3
Suppose -4*n - 3*p + 1151 = 0, 4*n + 15*p - 11*p - 1152 = 0. What is the tens digit of n?
8
Suppose 0 = -5*r - 14 + 64. Suppose 9*p = r*p - 154. What is the hundreds digit of p?
1
What is the tens digit of ((-5)/((-60)/(-8)))/(8/(-540))?
4
Let g = 385 + -233. Let y = g - 71. What is the units digit of y?
1
Let d = 2 + 7. Suppose 7*x = d*x - 254. What is the tens digit of x?
2
Suppose 2*o - 2*h = 674, 0 = o - 5*h + 2*h - 345. What is the tens digit of o?
3
Suppose -4*c = -4*t - 104, t + 48 = 2*c - 3*t. Let w = 17 - c. Let y = 22 - w. What is the tens digit of y?
3
Suppose -8*u = -3*u - 3*m - 9659, 0 = -3*u + m + 5797. What is the thousands digit of u?
1
Let o(g) = 6*g + 6*g + 10*g + 8. What is the units digit of o(5)?
8
Let i = -56 + 105. Let w = i + -37. Let y(r) = -r**2 + 16*r - 10. What is the tens digit of y(w)?
3
Suppose 5*x + n = 2*x + 966, -x + 2*n + 315 = 0. What is the hundreds digit of x?
3
Suppose -13*h + 0*h = -9828. What is the units digit of h?
6
Let i = 17 + -21. Let h be -4 - (4 + -108 - i). Suppose 2*u = 4*c - h, -4*c + 107 = 2*u + 19. What is the tens digit of c?
2
Let i = -10 - -12. Let b be (-90 - i)/(7 - 9). Suppose 10 = 4*a - b. What is the units digit of a?
4
Let m(p) = -111*p**2 - 15*p - 39. Let a(j) = -22*j**2 - 3*j - 8. Let t(d) = 24*a(d) - 5*m(d). What is the tens digit of t(-2)?
0
Let d(t) be the second derivative of -7*t**3/6 + t**2 + 14*t. Suppose -2*j + 5*a - 3*a - 22 = 0, -2*a + 11 = -j. What is the units digit of d(j)?
9
Let p = 5879 + -3067. What is the tens digit of p?
1
Suppose 950 = -32*u + 6582. What is the hundreds digit of u?
1
Let u(q) = 2*q**2 - 11*q - 6. Let d be 4/((-16)/(-36)) + 0. What is the units digit of u(d)?
7
Let b(t) = 12*t**3 - 21*t + 86. What is the tens digit of b(4)?
7
Suppose -4*r - 5*a = -294, a - 17 = -4*r + 285. What is the tens digit of r?
7
Let z(u) = -8*u + 132. What is the units digit of z(-26)?
0
Let u(v) = -v + 14. Let q(t) = t**2 + 3*t + 5. Let n be q(-3). What is the units digit of u(n)?
9
Let b = -79 - -61. What is the units digit of 3*-1 - (-27)/b*-164?
3
What is the tens digit of 1148/22 - (-40)/(-220)?
5
What is the tens digit of 22*-23*(5 - -2)/(-14)?
5
Let r = -63 - -111. Let m = -41 + r. What is the units digit of m?
7
Suppose 0 = -2*w + 5*r + 394, w + 5*r - 45 = 152. What is the tens digit of w?
9
Let f be (0/(-4))/2 - -24. Suppose 0*w + f = -2*w. What is the units digit of w/(-5)*5*1?
2
Let d(u) = -u**2 - 6. Let i be d(0). Let o = 16 - i. What is the units digit of o?
2
Suppose b + 0 = 4. Suppose -3*d + 442 = b*v, 0 = 2*d - 5*v - 270 + 6. What is the tens digit of d?
4
Let j = -432 - -1514. What is the tens digit of j?
8
Suppose a - 8*a = 0. Let b be 3*268/6 -